
{"id":90,"date":"2017-05-05T13:36:21","date_gmt":"2017-05-05T11:36:21","guid":{"rendered":"https:\/\/przedszkole48.edu.wroclaw.pl\/?page_id=90"},"modified":"2025-11-25T09:45:00","modified_gmt":"2025-11-25T08:45:00","slug":"grupa-ii","status":"publish","type":"page","link":"https:\/\/przedszkole48.edu.wroclaw.pl\/index.php\/grupy-2\/grupa-ii\/","title":{"rendered":"Grupa II"},"content":{"rendered":"<div class=\"wpb-content-wrapper\"><p>[vc_row css=&#8221;.vc_custom_1731493723164{background: #2a8935 url(https:\/\/przedszkola.edu.wroclaw.pl\/wp-content\/uploads\/sites\/30\/2021\/06\/tlo.png?id=) !important;}&#8221;][vc_column][vc_tta_tabs active_section=&#8221;1&#8243; css=&#8221;.vc_custom_1731499394091{margin-left: 27px !important;}&#8221;][vc_tta_section title=&#8221;O nas&#8221; tab_id=&#8221;1606484233605-1d21e2ea-ef57&#8243;][vc_column_text css=&#8221;&#8221;]<\/p>\n<h2 style=\"text-align: center;\"><span style=\"font-size: 24pt;\">O nas &nbsp;&nbsp;<\/span><\/h2>\n<p><span id=\"text5_DFText_5-0\" class=\"skgd skgdli-text5_ListItem_2-text5_DFText_5\" data-sgid=\"text5_DFText_5-0\">Grupa II dzieci z rocznika 2020<\/span><\/p>\n<p><span id=\"text5_DFText_5-0\" class=\"skgd skgdli-text5_ListItem_2-text5_DFText_5\" data-sgid=\"text5_DFText_5-0\">Nauczyciele:&nbsp; Ewa Dziarmaga, Beata Olszewska, Ma\u0142gorzata Stankowska<br \/>\n<\/span>[\/vc_column_text][\/vc_tta_section][vc_tta_section title=&#8221;Tematy miesi\u0105ca&#8221; tab_id=&#8221;1642673952835-bb227c80-cae5&#8243;][vc_column_text css=&#8221;&#8221;]<\/p>\n<h2 style=\"text-align: center;\"><span style=\"font-size: 24pt;\">Tematy miesi\u0105ca<\/span><\/h2>\n<h3 style=\"text-align: center;\"><strong>MARZEC 2024<\/strong><\/h3>\n<p>TEMATYKA:<\/p>\n<ul>\n<li>&nbsp;Zwierz\u0119ta sprzed milion\u00f3w lat.<\/li>\n<li>Pogoda marcowa.<\/li>\n<li>Wiosno ach to Ty.<\/li>\n<li>Wielkanoc.<\/li>\n<\/ul>\n<p>CELE G\u0141\u00d3WNE:<\/p>\n<ul>\n<li>rozwijanie mowy- IV.2, IV.5<\/li>\n<li>rozwijanie pami\u0119ci \u2013 III.9, IV1<\/li>\n<li>poszerzenie wiedzy o dinozaurach- II8, IV12<\/li>\n<li>poszerzenie wiedzy o dinozaurach\u2013 IV.12<\/li>\n<li>rozwijanie umiej\u0119tno\u015bci liczenia- I.5, III1<\/li>\n<li>ilustrowanie piosenki ruchem-III1,III2<\/li>\n<li>rozwijanie sprawno\u015bci fizycznej-I.8<\/li>\n<li>rozwijanie zainteresowa\u0144 badawczych-IV.2, IV9<\/li>\n<li>rozwijanie umiej\u0119tno\u015bci konstrukcyjnych-IV5, IV8<\/li>\n<\/ul>\n<p>Rozwijanie kompetencji kluczowych:&nbsp;w zakresie rozumienia i&nbsp;tworzenia informacji., osobiste, spo\u0142eczne&nbsp; i&nbsp;w zakresie umiej\u0119tno\u015bci uczenia si\u0119,w zakresie \u015bwiadomo\u015bci i&nbsp;ekspresji kulturalnej, matematyczne oraz kompetencje w zakresie nauk przyrodniczych, technologii i&nbsp;in\u017cynierii.<\/p>\n<ul>\n<li>rozwijanie mowy-&nbsp; IV.5<\/li>\n<li>zapoznanie z symbolami pogodowymi- II.8, III.8<\/li>\n<li>rozwijanie my\u015blenia logicznego \u2013 IV.5, IV.8<\/li>\n<li>rozwijanie umiej\u0119tno\u015bci przeliczania- II.8,IV.7<\/li>\n<li>rozwijanie zainteresowa\u0144 przyrodniczych- IV.18<\/li>\n<li>kszta\u0142towanie nawyku prawid\u0142owej postawy cia\u0142a-&nbsp;&nbsp;I.8<\/li>\n<li>rozwijanie sprawno\u015bci manualnej- I.8<\/li>\n<li>rozwijanie sprawno\u015bci fizycznej- IV.8<\/li>\n<li>segregowanie przedmiot\u00f3w wed\u0142ug rodzaju- II.2,III.8<\/li>\n<\/ul>\n<p>Rozwijanie kompetencji kluczowych:&nbsp;w&nbsp; zakresie rozumienia i&nbsp;tworzenia informacji, osobiste, spo\u0142eczne, w zakresie umiej\u0119tno\u015bci uczenia si\u0119, obywatelskie, w zakresie \u015bwiadomo\u015bci i&nbsp;ekspresji kulturalnej.<\/p>\n<ul>\n<li>rozwijanie mowy,-IV.2, IV.5<\/li>\n<li>utrwalanie wiadomo\u015bci na temat ptak\u00f3w powracaj\u0105cych do Polski na wiosn\u0119-IV.8<\/li>\n<li>utrwalenie wiadomo\u015bci na temat zdrowia-IV.1, IV2<\/li>\n<li>rozwijanie umiejetno\u015bci matematycznych-IV12, IV15<\/li>\n<li>rozwijanie uwagi i percepcji s\u0142uchowej- IV.15<\/li>\n<li>rozwijanie tw\u00f3rczego my\u015blenia- IV.2, IV9<\/li>\n<li>rozwijanie poczucia rytmu- I.5<\/li>\n<li>doskonalenie umiej\u0119tno\u015bci komunikacyjnych- IV.8, IV.18<\/li>\n<li>rozwijanie sprawno\u015bci fizycznej- I.5<\/li>\n<li>rozwijanie postawy badawczej -IV.13<\/li>\n<li>dostrzeganie zwi\u0105zk\u00f3w mi\u0119dzy przyczyn\u0105 , a skutkiem-IV18<\/li>\n<\/ul>\n<p>&nbsp;<\/p>\n<ul>\n<li>rozwijanie mowy- IV.2<\/li>\n<li>rozwijanie sprawno\u015bci manualnej.- IV.8<\/li>\n<li>rozwijanie umiej\u0119tno\u015bci rozr\u00f3\u017cniania emocjiIII.9, IV2.8<\/li>\n<li>zapoznanie z przyrz\u0105dami i akcesoriami potrzebnymi do wykonania r\u00f3\u017cnych zawod\u00f3w- I.5, III.1<\/li>\n<li>ilustrowanie piosenki ruchem- III.1 III.2<\/li>\n<li>rozwijanie poczucie rytmu- IV.7<\/li>\n<li>wprowadzenie okre\u015ble\u0144 d\u0142ugi, kr\u00f3tki-I.7, III.1<\/li>\n<li>dbanie o porz\u0105dek na stanowisku pracy &#8211; IV.8<\/li>\n<li>rozwijanie umiej\u0119tno\u015bci odr\u00f3\u017cniania pozytywnych od negatywnych- IV.2, IV.9<\/li>\n<\/ul>\n<p>Rozwijanie kompetencji kluczowych:w zakresie tworzenia informacji, osobiste i&nbsp;spo\u0142eczne,<\/p>\n<p>MPPL:&nbsp;\u0106wiczenie analizy i&nbsp;sntezy sylabowej wyraz\u00f3w[\/vc_column_text][vc_column_text css=&#8221;&#8221;][\/vc_column_text][\/vc_tta_section][vc_tta_section title=&#8221;Aktualno\u015bci&#8221; tab_id=&#8221;1614612966580-c2817fc9-5d25&#8243;][vc_column_text css=&#8221;&#8221;]<\/p>\n<h2 style=\"text-align: center;\"><span style=\"font-size: 24pt;\">Aktualno\u015bci<\/span><\/h2>\n<p>[\/vc_column_text][\/vc_tta_section][vc_tta_section title=&#8221;Zaj\u0119cia dodatkowe&#8221; tab_id=&#8221;1616517610712-a70b2645-fd35&#8243;][vc_column_text css=&#8221;&#8221;]<\/p>\n<h2 style=\"text-align: center;\"><span style=\"font-size: 24pt;\">Zaj\u0119cia dodatkowe<\/span><\/h2>\n<p>[\/vc_column_text][\/vc_tta_section][vc_tta_section title=&#8221;Zdj\u0119cia&#8221; tab_id=&#8221;1642672858339-37cbfadc-3706&#8243;][vc_gallery type=&#8221;image_grid&#8221; images=&#8221;11846,11845,11844,11843,11842,11841,11840,11839&#8243; css=&#8221;&#8221;][\/vc_tta_section][\/vc_tta_tabs][\/vc_column][\/vc_row]<\/p>\n<\/div>","protected":false},"excerpt":{"rendered":"<p>[vc_row css=&#8221;.vc_custom_1731493723164{background: #2a8935 url(https:\/\/przedszkola.edu.wroclaw.pl\/wp-content\/uploads\/sites\/30\/2021\/06\/tlo.png?id=) !important;}&#8221;][vc_column][vc_tta_tabs active_section=&#8221;1&#8243; css=&#8221;.vc_custom_1731499394091{margin-left: 27px !important;}&#8221;][vc_tta_section title=&#8221;O nas&#8221; tab_id=&#8221;1606484233605-1d21e2ea-ef57&#8243;][vc_column_text css=&#8221;&#8221;] O nas &nbsp;&nbsp; Grupa II dzieci z rocznika 2020 Nauczyciele:&nbsp; Ewa Dziarmaga, Beata Olszewska, Ma\u0142gorzata Stankowska [\/vc_column_text][\/vc_tta_section][vc_tta_section [&hellip;]<\/p>\n","protected":false},"author":444,"featured_media":0,"parent":70,"menu_order":0,"comment_status":"closed","ping_status":"closed","template":"","meta":{"ngg_post_thumbnail":0,"footnotes":""},"class_list":["post-90","page","type-page","status-publish","hentry","clearfix"],"_links":{"self":[{"href":"https:\/\/przedszkole48.edu.wroclaw.pl\/index.php\/wp-json\/wp\/v2\/pages\/90","targetHints":{"allow":["GET"]}}],"collection":[{"href":"https:\/\/przedszkole48.edu.wroclaw.pl\/index.php\/wp-json\/wp\/v2\/pages"}],"about":[{"href":"https:\/\/przedszkole48.edu.wroclaw.pl\/index.php\/wp-json\/wp\/v2\/types\/page"}],"author":[{"embeddable":true,"href":"https:\/\/przedszkole48.edu.wroclaw.pl\/index.php\/wp-json\/wp\/v2\/users\/444"}],"replies":[{"embeddable":true,"href":"https:\/\/przedszkole48.edu.wroclaw.pl\/index.php\/wp-json\/wp\/v2\/comments?post=90"}],"version-history":[{"count":12,"href":"https:\/\/przedszkole48.edu.wroclaw.pl\/index.php\/wp-json\/wp\/v2\/pages\/90\/revisions"}],"predecessor-version":[{"id":643,"href":"https:\/\/przedszkole48.edu.wroclaw.pl\/index.php\/wp-json\/wp\/v2\/pages\/90\/revisions\/643"}],"up":[{"embeddable":true,"href":"https:\/\/przedszkole48.edu.wroclaw.pl\/index.php\/wp-json\/wp\/v2\/pages\/70"}],"wp:attachment":[{"href":"https:\/\/przedszkole48.edu.wroclaw.pl\/index.php\/wp-json\/wp\/v2\/media?parent=90"}],"curies":[{"name":"wp","href":"https:\/\/api.w.org\/{rel}","templated":true}]}}